 base 12
-41621
28910a (base 14) to base 3
2122112020122
Convert 13020042344 (base 5) to base 9.
32626637
-20230113 (base 4) to base 15
-a83c
Convert -13200341 (base 8) to base 7.
-34032450
-11133713 (base 8) to base 6
-123324255
What is 1654230 (base 7) in base 14?
60787
-10010111001010100110000 (base 2) to base 14
-92d25a
1742527 (base 9) to base 11
604a6a
Convert 110011111010010000 (base 2) to base 16.
33e90
107f87 (base 16) to base 12
44185b
Convert -1111010100010000101 (base 2) to base 15.
-9da98
8d70 (base 15) to base 2
111010101001110
1010111110100001101 (base 2) to base 14
95125
-10005143 (base 6) to base 5
-32443304
110110001100000101001 (base 2) to base 5
423310112
What is -201403410 (base 5) in base 12?
-3307bb
-10010101001101111100 (base 2) to base 7
-5123625
What is 10514461 (base 7) in base 2?
11011110100011100110
93909 (base 16) to base 14
11a3b3
51740 (base 12) to base 6
2140520
1214305212 (base 6) to base 10
13927976
-102122120101 (base 3) to base 15
-47e31
Convert -4136053 (base 7) to base 9.
-836311
Convert -10154025 (base 6) to base 8.
-1100241
Convert -19639b (base 16) to base 4.
-12112032123
Convert 6a157 (base 11) to base 4.
120233123
What is 110101001010111010 (base 2) in base 6?
4400134
Convert -ddf00 (base 16) to base 9.
-1634882
-12221221110 (base 3) to base 15
-24b6c
What is -3569019 (base 11) in base 12?
-20bb4b3
Convert 110001100000110001 (base 2) to base 12.
99441
3413111 (base 6) to base 11
109027
Convert -127a757 (base 11) to base 10.
-2210369
What is -542323 (base 7) in base 3?
-11210121121
Convert -22201011 (base 4) to base 11.
-2a401
What is 10001011011000000 (base 2) in base 5?
4240420
Convert -5856a6 (base 11) to base 2.
-11100011000001011000
-38437 (base 14) to base 11
-94785
-4b611 (base 12) to base 14
-2968d
-3030203 (base 7) to base 15
-71b1b
What is -10321111 (base 4) in base 2?
-100111001010101
Convert -42d26 (base 15) to base 10.
-212211
What is -23043020 (base 5) in base 11?
-130862
What is -d915 (base 14) in base 7?
-214125
What is -919089 (base 12) in base 13?
-618b9a
Convert -bc76 (base 16) to base 10.
-48246
What is 43532053 (base 6) in base 5?
313143240
Convert 10a11a (base 11) to base 5.
21041003
Convert 162a8 (base 13) to base 5.
2322334
Convert -58902 (base 12) to base 10.
-118802
Convert -310657 (base 9) to base 10.
-184246
-20011331213 (base 4) to base 10
-2121575
235645 (base 9) to base 3
21012201112
8d0383 (base 15) to base 2
11001101100000001100011
What is -4132523 (base 6) in base 13?
-6c702
What is 440003 (base 6) in base 13?
13698
47198 (base 12) to base 7
544562
What is -6234b (base 12) in base 16?
-1f56b
What is 606144 (base 10) in base 4?
2103333000
Convert -1600092 (base 10) to base 9.
-3007820
Convert -13111310 (base 5) to base 10.
-128955
Convert -78ab16 (base 15) to base 4.
-111331133013
Convert 121a60 (base 13) to base 8.
1514374
What is 193379 (base 10) in base 16?
2f363
Convert -100312221 (base 6) to base 3.
-10012121111011
What is -a1a1b (base 15) in base 12?
-2082a5
What is -2762755 (base 8) in base 9?
-1417556
What is 1310023131 (base 5) in base 16?
30e6b7
What is -168778 (base 9) in base 16?
-199b5
What is -144861 (base 11) in base 10?
-225974
18335 (base 14) to base 15
1311d
What is 22120555 (base 6) in base 7?
5433116
1525563 (base 7) to base 6
4245123
Convert 76493 (base 13) to base 4.
310032101
2311122320 (base 4) to base 14
154b44
-100001111101000110011 (base 2) to base 8
-4175063
What is -470a27 (base 12) in base 14?
-21a23d
Convert 147037 (base 9) to base 16.
1613e
Convert -121033110 (base 4) to base 3.
-12020210220
What is 1447a9 (base 13) in base 15?
9bcd2
Convert 2142464 (base 7) to base 3.
111100021022
Convert 4b679 (base 13) to base 5.
13431100
Convert -10211021002001 (base 3) to base 13.
-562189
-12102201100 (base 3) to base 14
-2ad9a
Convert 83573 (base 11) to base 6.
2335530
55342002 (base 6) to base 2
110010101101111010010
-9472b (base 15) to base 6
-14031205
Convert 33729 (base 15) to base 11.
101a20
What is 2020011002 (base 4) in base 11?
350848
-86593 (base 12) to base 16
-2b3bf
What is -78bb7 (base 16) in base 6?
-14333235
Convert 1101011111001010111 (base 2) to base 6.
13250011
Convert 308ad (base 15) to base 12.
7503a
What is 6458 (base 13) in base 16?
366b
Convert -246b0c8 (base 13) to base 2.
-101011001111001101010111
101322103203 (base 4) to base 15
62b2cc
Convert -101100111100111 (base 2) to base 12.
-1139b
What is 253220 (base 7) in base 9?
71125
-21110211210011 (base 3) to base 12
-13b7164
-10000101000011110 (base 2) to base 15
-152bb
Convert 11303620 (base 7) to base 10.
992950
400828 (base 9) to base 6
5024342
What is -2000112112022 (base 3) in base 16?
-106142
-1121002122001 (base 3) to base 4
-3033012133
15722111 (base 8) to base 5
1413142122
1002001202121 (base 3) to base 11
360904
Convert 24213266 (base 8) to base 7.
63112245
-1a7c5 (base 13) to base 14
-14c95
-28ca5 (base 15) to base 4
-200000201
Convert -4575808 (base 9) to base 6.
-124544525
What is 6988c (base 16) in base 15?
8812d
1a73a (base 13) to base 16
ca33
Convert 484395 (base 10) to base 16.
7642b
Convert -480d44 (base 14) to base 6.
-124430332
What is 3cae92 (base 15) in base 5?
1222011122
1124104 (base 7) to base 12
694b7
-554105 (base 8) to base 16
-2d845
What is -110123 (base 11) in base 6?
-3434022
What is -2b24d (base 15) in base 12?
-6846a
What is 447a2 (base 11) in base 7?
360026
15203440 (base 6) to base 5
113421314
-110010001101100111101 (base 2) to base 13
-457bc2
Convert 13040312 (base 5) to base 8.
371136
Convert -1090439 (base 10) to base 12.
-44705b
1c1c7 (base 15) to base 13
32884
What is 4849028 (base 10) in base 5?
2220132103
What is -9d306 (base 15) in base 13?
-146886
Convert 32350 (base 14) to base 4.
131220302
What is 4520144 (base 6) in base 5?
24300120
101040440 (base 5) to base 16
63d26
Convert -1030012123 (base 4) to base 2.
-1001100000110011011
What is 84353 (base 15) in base 2?
1100110010110110101
-27035504 (base 9) to base 3
-221001012120011
Convert -101022311 (base 4) to base 14.
-1b8b3
1275255 (base 9) to base 10
699323
2555652 (base 8) to base 10
711594
Convert 103220300 (base 4) to base 10.
80432
What is 1541015 (base 6) in base 9?
147672
What is -b5c4c9 (base 16) in base 8?
-55342311
-b6ac6 (base 16) to base 10
-748230
Convert -1db57 (base 14) to base 13.
-2897b
112203144 (base 5) to base 3
221202000201
2021003022 (base 4) to base 10
561354
Convert -757a2a (base 13) to base 14.
-51b649
Convert 10101011000011001101 (base 2) to base 9.
1277057
Convert -145821 (base 14) to base 6.
-23052125
Convert 1413240303 (base 5) to base 13.
9aa152
Convert 667984 (base 10) to base 14.
135612
What is -199b (base 15) in base 14?
-2042
Convert -312000033130 (base 4) to base 13.
-2c188ab
Convert -168aa (base 13) to base 7.
-240023
What is 3111131 (base 5) in base 14?
1471d
535213 (base 6) to base 3
2020021000
What is 416668 (base 12) in base 9?
1835258
What is 135180 (base 13) in base 10?
468234
What is -1317d3 (base 14) in base 12?
-278511
What is -27813 (base 13) in base 6?
-1325553
Convert -755386 (base 10) to base 2.
-10111000011010111010
-1150486 (base 10) to base 14
-21d3b8
What is 5874358 (base 9) in base 16?
3080f0
What is 344422 (base 6) in base 9?
44455
107714 (base 14) to base 4
2020111112
-1304232432 (base 5) to base 7
-36110522
What is -157cc9a (base 14) in base 3?
-201210121211011
Convert -618364 (base 9) to base 15.
-73b0d
Convert 1562442 (base 10) to base 3.
2221101021020
-1003020200 (base 4) to base 15
-5671b
16a36 (base 14) to base 16
de38
Convert -30301042 (base 6) to base 13.
-242c99
Convert -5012660 (base 7) to base 11.
-374590
Convert -220325606 (base 7) to base 11.
-7519932
What is -52532051 (base 6) in base 14?
-2bdbc3
What is 2012200210222 (base 3) in base 9?
2180728
Convert -3474318 (base 11) to base 6.
-334012200
-5551110 (base 6) to base 4
-1010011302
What is 90690 (base 10) in base 12?
44596
Convert -1517382 (base 12) to base 7.
-51145022
What is 100001110100010010 (base 2) in base 9?
231004
Convert 11230303103 (base 4) to base 5.
340303402
What is -30413730 (base 9) in base 10?
-14594445
What is -1073222 (base 9) in base 16?
-8d899
Convert 14133444 (base 6) to base 8.
1647504
Convert 25a5 (base 13) to base 8.
12376
What is -